{"id":16144,"date":"2023-12-21T05:57:15","date_gmt":"2023-12-21T05:57:15","guid":{"rendered":"https:\/\/malatyaarti.com\/?post_type=product&#038;p=16144"},"modified":"2023-12-21T05:57:15","modified_gmt":"2023-12-21T05:57:15","slug":"asustor-as6510t-10-slot-tower-nas-i-2-1ghz-quad-8gb-ddr4-2x10gbe-2x2-5gbe","status":"publish","type":"product","link":"https:\/\/malatyaarti.com\/index.php\/urun\/asustor-as6510t-10-slot-tower-nas-i-2-1ghz-quad-8gb-ddr4-2x10gbe-2x2-5gbe\/","title":{"rendered":"ASUSTOR AS6510T 10 SLOT TOWER NAS I-2.1GHZ QUAD 8GB DDR4 2x10GBE 2&#215;2.5GBE"},"content":{"rendered":"<div class=\"prod-name\">ASUSTOR AS6510T 10 SLOT TOWER NAS I-2.1GHZ QUAD 8GB DDR4 2x10GBE 2&#215;2.5GBE<\/div>\n<div class=\"prod-price-props\">\n<div class=\"price-container\">\n<div class=\"prices\"><\/div>\n<\/div>\n<\/div>\n","protected":false},"excerpt":{"rendered":"<p>ASUSTOR AS6510T 10 SLOT TOWER NAS I-2.1GHZ QUAD 8GB DDR4 2x10GBE 2&#215;2.5GBE<\/p>\n","protected":false},"featured_media":16146,"comment_status":"closed","ping_status":"closed","template":"","meta":[],"product_brand":[],"product_cat":[78],"product_tag":[],"class_list":{"0":"post-16144","1":"product","2":"type-product","3":"status-publish","4":"has-post-thumbnail","6":"product_cat-sunucu","8":"first","9":"instock","10":"shipping-taxable","11":"product-type-simple"},"yoast_head":"<!-- This site is optimized with the Yoast SEO plugin v27.4 - https:\/\/yoast.com\/product\/yoast-seo-wordpress\/ -->\n<title>ASUSTOR AS6510T 10 SLOT TOWER NAS I-2.1GHZ QUAD 8GB DDR4 2x10GBE 2x2.5GBE - Malatya Art\u0131 Bilgisayar &ndash; FortiGate, G&uuml;venlik Kameras\u0131 ve A\u011f &Ccedil;&ouml;z&uuml;mleri<\/title>\n<meta name=\"robots\" content=\"index, follow, max-snippet:-1, max-image-preview:large, max-video-preview:-1\" \/>\n<link rel=\"canonical\" href=\"https:\/\/malatyaarti.com\/index.php\/urun\/asustor-as6510t-10-slot-tower-nas-i-2-1ghz-quad-8gb-ddr4-2x10gbe-2x2-5gbe\/\" \/>\n<meta property=\"og:locale\" content=\"tr_TR\" \/>\n<meta property=\"og:type\" content=\"article\" \/>\n<meta property=\"og:title\" content=\"ASUSTOR AS6510T 10 SLOT TOWER NAS I-2.1GHZ QUAD 8GB DDR4 2x10GBE 2x2.5GBE - Malatya Art\u0131 Bilgisayar &ndash; FortiGate, G&uuml;venlik Kameras\u0131 ve A\u011f &Ccedil;&ouml;z&uuml;mleri\" \/>\n<meta property=\"og:description\" content=\"ASUSTOR AS6510T 10 SLOT TOWER NAS I-2.1GHZ QUAD 8GB DDR4 2x10GBE 2&#215;2.5GBE\" \/>\n<meta property=\"og:url\" content=\"https:\/\/malatyaarti.com\/index.php\/urun\/asustor-as6510t-10-slot-tower-nas-i-2-1ghz-quad-8gb-ddr4-2x10gbe-2x2-5gbe\/\" \/>\n<meta property=\"og:site_name\" content=\"Malatya Art\u0131 Bilgisayar &ndash; FortiGate, G&uuml;venlik Kameras\u0131 ve A\u011f &Ccedil;&ouml;z&uuml;mleri\" \/>\n<meta property=\"article:publisher\" content=\"https:\/\/www.facebook.com\/malatyaarti\" \/>\n<meta property=\"og:image\" content=\"https:\/\/malatyaarti.com\/wp-content\/uploads\/2023\/12\/117546-w700h584.jpg\" \/>\n\t<meta property=\"og:image:width\" content=\"700\" \/>\n\t<meta property=\"og:image:height\" content=\"584\" \/>\n\t<meta property=\"og:image:type\" content=\"image\/jpeg\" \/>\n<meta name=\"twitter:card\" content=\"summary_large_image\" \/>\n<script type=\"application\/ld+json\" class=\"yoast-schema-graph\">{\"@context\":\"https:\\\/\\\/schema.org\",\"@graph\":[{\"@type\":\"WebPage\",\"@id\":\"https:\\\/\\\/malatyaarti.com\\\/index.php\\\/urun\\\/asustor-as6510t-10-slot-tower-nas-i-2-1ghz-quad-8gb-ddr4-2x10gbe-2x2-5gbe\\\/\",\"url\":\"https:\\\/\\\/malatyaarti.com\\\/index.php\\\/urun\\\/asustor-as6510t-10-slot-tower-nas-i-2-1ghz-quad-8gb-ddr4-2x10gbe-2x2-5gbe\\\/\",\"name\":\"ASUSTOR AS6510T 10 SLOT TOWER NAS I-2.1GHZ QUAD 8GB DDR4 2x10GBE 2x2.5GBE - Malatya Art\u0131 Bilgisayar &ndash; FortiGate, G&uuml;venlik Kameras\u0131 ve A\u011f &Ccedil;&ouml;z&uuml;mleri\",\"isPartOf\":{\"@id\":\"https:\\\/\\\/malatyaarti.com\\\/#website\"},\"primaryImageOfPage\":{\"@id\":\"https:\\\/\\\/malatyaarti.com\\\/index.php\\\/urun\\\/asustor-as6510t-10-slot-tower-nas-i-2-1ghz-quad-8gb-ddr4-2x10gbe-2x2-5gbe\\\/#primaryimage\"},\"image\":{\"@id\":\"https:\\\/\\\/malatyaarti.com\\\/index.php\\\/urun\\\/asustor-as6510t-10-slot-tower-nas-i-2-1ghz-quad-8gb-ddr4-2x10gbe-2x2-5gbe\\\/#primaryimage\"},\"thumbnailUrl\":\"https:\\\/\\\/malatyaarti.com\\\/wp-content\\\/uploads\\\/2023\\\/12\\\/117546-w700h584.jpg\",\"datePublished\":\"2023-12-21T05:57:15+00:00\",\"breadcrumb\":{\"@id\":\"https:\\\/\\\/malatyaarti.com\\\/index.php\\\/urun\\\/asustor-as6510t-10-slot-tower-nas-i-2-1ghz-quad-8gb-ddr4-2x10gbe-2x2-5gbe\\\/#breadcrumb\"},\"inLanguage\":\"tr\",\"potentialAction\":[{\"@type\":\"ReadAction\",\"target\":[\"https:\\\/\\\/malatyaarti.com\\\/index.php\\\/urun\\\/asustor-as6510t-10-slot-tower-nas-i-2-1ghz-quad-8gb-ddr4-2x10gbe-2x2-5gbe\\\/\"]}]},{\"@type\":\"ImageObject\",\"inLanguage\":\"tr\",\"@id\":\"https:\\\/\\\/malatyaarti.com\\\/index.php\\\/urun\\\/asustor-as6510t-10-slot-tower-nas-i-2-1ghz-quad-8gb-ddr4-2x10gbe-2x2-5gbe\\\/#primaryimage\",\"url\":\"https:\\\/\\\/malatyaarti.com\\\/wp-content\\\/uploads\\\/2023\\\/12\\\/117546-w700h584.jpg\",\"contentUrl\":\"https:\\\/\\\/malatyaarti.com\\\/wp-content\\\/uploads\\\/2023\\\/12\\\/117546-w700h584.jpg\",\"width\":700,\"height\":584},{\"@type\":\"BreadcrumbList\",\"@id\":\"https:\\\/\\\/malatyaarti.com\\\/index.php\\\/urun\\\/asustor-as6510t-10-slot-tower-nas-i-2-1ghz-quad-8gb-ddr4-2x10gbe-2x2-5gbe\\\/#breadcrumb\",\"itemListElement\":[{\"@type\":\"ListItem\",\"position\":1,\"name\":\"Anasayfa\",\"item\":\"https:\\\/\\\/malatyaarti.com\\\/\"},{\"@type\":\"ListItem\",\"position\":2,\"name\":\"\u00dcr\u00fcnler\",\"item\":\"https:\\\/\\\/malatyaarti.com\\\/index.php\\\/shop\\\/\"},{\"@type\":\"ListItem\",\"position\":3,\"name\":\"ASUSTOR AS6510T 10 SLOT TOWER NAS I-2.1GHZ QUAD 8GB DDR4 2x10GBE 2&#215;2.5GBE\"}]},{\"@type\":\"WebSite\",\"@id\":\"https:\\\/\\\/malatyaarti.com\\\/#website\",\"url\":\"https:\\\/\\\/malatyaarti.com\\\/\",\"name\":\"Malatya Art\u0131 Bilgisayar \u2013 FortiGate, G\u00fcvenlik Kameras\u0131 ve A\u011f \u00c7\u00f6z\u00fcmleri\",\"description\":\"Malatya&rsquo;da FortiGate Firewall, G&uuml;venlik Kameras\u0131 ve A\u011f &Ccedil;&ouml;z&uuml;mlerinde Profesyonel Hizmet!\",\"publisher\":{\"@id\":\"https:\\\/\\\/malatyaarti.com\\\/#organization\"},\"potentialAction\":[{\"@type\":\"SearchAction\",\"target\":{\"@type\":\"EntryPoint\",\"urlTemplate\":\"https:\\\/\\\/malatyaarti.com\\\/?s={search_term_string}\"},\"query-input\":{\"@type\":\"PropertyValueSpecification\",\"valueRequired\":true,\"valueName\":\"search_term_string\"}}],\"inLanguage\":\"tr\"},{\"@type\":\"Organization\",\"@id\":\"https:\\\/\\\/malatyaarti.com\\\/#organization\",\"name\":\"Malatya Art\u0131 Bilgisayar \u2013 FortiGate, G\u00fcvenlik Kameras\u0131 ve A\u011f \u00c7\u00f6z\u00fcmleri\",\"url\":\"https:\\\/\\\/malatyaarti.com\\\/\",\"logo\":{\"@type\":\"ImageObject\",\"inLanguage\":\"tr\",\"@id\":\"https:\\\/\\\/malatyaarti.com\\\/#\\\/schema\\\/logo\\\/image\\\/\",\"url\":\"https:\\\/\\\/malatyaarti.com\\\/wp-content\\\/uploads\\\/2025\\\/03\\\/malatya-arti-bilgisayar-fortigate-firewall-guvelik-kamerasi-sunucu-server.webp\",\"contentUrl\":\"https:\\\/\\\/malatyaarti.com\\\/wp-content\\\/uploads\\\/2025\\\/03\\\/malatya-arti-bilgisayar-fortigate-firewall-guvelik-kamerasi-sunucu-server.webp\",\"width\":700,\"height\":700,\"caption\":\"Malatya Art\u0131 Bilgisayar \u2013 FortiGate, G\u00fcvenlik Kameras\u0131 ve A\u011f \u00c7\u00f6z\u00fcmleri\"},\"image\":{\"@id\":\"https:\\\/\\\/malatyaarti.com\\\/#\\\/schema\\\/logo\\\/image\\\/\"},\"sameAs\":[\"https:\\\/\\\/www.facebook.com\\\/malatyaarti\"]}]}<\/script>\n<!-- \/ Yoast SEO plugin. -->","yoast_head_json":{"title":"ASUSTOR AS6510T 10 SLOT TOWER NAS I-2.1GHZ QUAD 8GB DDR4 2x10GBE 2x2.5GBE - Malatya Art\u0131 Bilgisayar &ndash; FortiGate, G&uuml;venlik Kameras\u0131 ve A\u011f &Ccedil;&ouml;z&uuml;mleri","robots":{"index":"index","follow":"follow","max-snippet":"max-snippet:-1","max-image-preview":"max-image-preview:large","max-video-preview":"max-video-preview:-1"},"canonical":"https:\/\/malatyaarti.com\/index.php\/urun\/asustor-as6510t-10-slot-tower-nas-i-2-1ghz-quad-8gb-ddr4-2x10gbe-2x2-5gbe\/","og_locale":"tr_TR","og_type":"article","og_title":"ASUSTOR AS6510T 10 SLOT TOWER NAS I-2.1GHZ QUAD 8GB DDR4 2x10GBE 2x2.5GBE - Malatya Art\u0131 Bilgisayar &ndash; FortiGate, G&uuml;venlik Kameras\u0131 ve A\u011f &Ccedil;&ouml;z&uuml;mleri","og_description":"ASUSTOR AS6510T 10 SLOT TOWER NAS I-2.1GHZ QUAD 8GB DDR4 2x10GBE 2&#215;2.5GBE","og_url":"https:\/\/malatyaarti.com\/index.php\/urun\/asustor-as6510t-10-slot-tower-nas-i-2-1ghz-quad-8gb-ddr4-2x10gbe-2x2-5gbe\/","og_site_name":"Malatya Art\u0131 Bilgisayar &ndash; FortiGate, G&uuml;venlik Kameras\u0131 ve A\u011f &Ccedil;&ouml;z&uuml;mleri","article_publisher":"https:\/\/www.facebook.com\/malatyaarti","og_image":[{"width":700,"height":584,"url":"https:\/\/malatyaarti.com\/wp-content\/uploads\/2023\/12\/117546-w700h584.jpg","type":"image\/jpeg"}],"twitter_card":"summary_large_image","schema":{"@context":"https:\/\/schema.org","@graph":[{"@type":"WebPage","@id":"https:\/\/malatyaarti.com\/index.php\/urun\/asustor-as6510t-10-slot-tower-nas-i-2-1ghz-quad-8gb-ddr4-2x10gbe-2x2-5gbe\/","url":"https:\/\/malatyaarti.com\/index.php\/urun\/asustor-as6510t-10-slot-tower-nas-i-2-1ghz-quad-8gb-ddr4-2x10gbe-2x2-5gbe\/","name":"ASUSTOR AS6510T 10 SLOT TOWER NAS I-2.1GHZ QUAD 8GB DDR4 2x10GBE 2x2.5GBE - Malatya Art\u0131 Bilgisayar &ndash; FortiGate, G&uuml;venlik Kameras\u0131 ve A\u011f &Ccedil;&ouml;z&uuml;mleri","isPartOf":{"@id":"https:\/\/malatyaarti.com\/#website"},"primaryImageOfPage":{"@id":"https:\/\/malatyaarti.com\/index.php\/urun\/asustor-as6510t-10-slot-tower-nas-i-2-1ghz-quad-8gb-ddr4-2x10gbe-2x2-5gbe\/#primaryimage"},"image":{"@id":"https:\/\/malatyaarti.com\/index.php\/urun\/asustor-as6510t-10-slot-tower-nas-i-2-1ghz-quad-8gb-ddr4-2x10gbe-2x2-5gbe\/#primaryimage"},"thumbnailUrl":"https:\/\/malatyaarti.com\/wp-content\/uploads\/2023\/12\/117546-w700h584.jpg","datePublished":"2023-12-21T05:57:15+00:00","breadcrumb":{"@id":"https:\/\/malatyaarti.com\/index.php\/urun\/asustor-as6510t-10-slot-tower-nas-i-2-1ghz-quad-8gb-ddr4-2x10gbe-2x2-5gbe\/#breadcrumb"},"inLanguage":"tr","potentialAction":[{"@type":"ReadAction","target":["https:\/\/malatyaarti.com\/index.php\/urun\/asustor-as6510t-10-slot-tower-nas-i-2-1ghz-quad-8gb-ddr4-2x10gbe-2x2-5gbe\/"]}]},{"@type":"ImageObject","inLanguage":"tr","@id":"https:\/\/malatyaarti.com\/index.php\/urun\/asustor-as6510t-10-slot-tower-nas-i-2-1ghz-quad-8gb-ddr4-2x10gbe-2x2-5gbe\/#primaryimage","url":"https:\/\/malatyaarti.com\/wp-content\/uploads\/2023\/12\/117546-w700h584.jpg","contentUrl":"https:\/\/malatyaarti.com\/wp-content\/uploads\/2023\/12\/117546-w700h584.jpg","width":700,"height":584},{"@type":"BreadcrumbList","@id":"https:\/\/malatyaarti.com\/index.php\/urun\/asustor-as6510t-10-slot-tower-nas-i-2-1ghz-quad-8gb-ddr4-2x10gbe-2x2-5gbe\/#breadcrumb","itemListElement":[{"@type":"ListItem","position":1,"name":"Anasayfa","item":"https:\/\/malatyaarti.com\/"},{"@type":"ListItem","position":2,"name":"\u00dcr\u00fcnler","item":"https:\/\/malatyaarti.com\/index.php\/shop\/"},{"@type":"ListItem","position":3,"name":"ASUSTOR AS6510T 10 SLOT TOWER NAS I-2.1GHZ QUAD 8GB DDR4 2x10GBE 2&#215;2.5GBE"}]},{"@type":"WebSite","@id":"https:\/\/malatyaarti.com\/#website","url":"https:\/\/malatyaarti.com\/","name":"Malatya Art\u0131 Bilgisayar \u2013 FortiGate, G\u00fcvenlik Kameras\u0131 ve A\u011f \u00c7\u00f6z\u00fcmleri","description":"Malatya&rsquo;da FortiGate Firewall, G&uuml;venlik Kameras\u0131 ve A\u011f &Ccedil;&ouml;z&uuml;mlerinde Profesyonel Hizmet!","publisher":{"@id":"https:\/\/malatyaarti.com\/#organization"},"potentialAction":[{"@type":"SearchAction","target":{"@type":"EntryPoint","urlTemplate":"https:\/\/malatyaarti.com\/?s={search_term_string}"},"query-input":{"@type":"PropertyValueSpecification","valueRequired":true,"valueName":"search_term_string"}}],"inLanguage":"tr"},{"@type":"Organization","@id":"https:\/\/malatyaarti.com\/#organization","name":"Malatya Art\u0131 Bilgisayar \u2013 FortiGate, G\u00fcvenlik Kameras\u0131 ve A\u011f \u00c7\u00f6z\u00fcmleri","url":"https:\/\/malatyaarti.com\/","logo":{"@type":"ImageObject","inLanguage":"tr","@id":"https:\/\/malatyaarti.com\/#\/schema\/logo\/image\/","url":"https:\/\/malatyaarti.com\/wp-content\/uploads\/2025\/03\/malatya-arti-bilgisayar-fortigate-firewall-guvelik-kamerasi-sunucu-server.webp","contentUrl":"https:\/\/malatyaarti.com\/wp-content\/uploads\/2025\/03\/malatya-arti-bilgisayar-fortigate-firewall-guvelik-kamerasi-sunucu-server.webp","width":700,"height":700,"caption":"Malatya Art\u0131 Bilgisayar \u2013 FortiGate, G\u00fcvenlik Kameras\u0131 ve A\u011f \u00c7\u00f6z\u00fcmleri"},"image":{"@id":"https:\/\/malatyaarti.com\/#\/schema\/logo\/image\/"},"sameAs":["https:\/\/www.facebook.com\/malatyaarti"]}]}},"_links":{"self":[{"href":"https:\/\/malatyaarti.com\/index.php\/wp-json\/wp\/v2\/product\/16144","targetHints":{"allow":["GET"]}}],"collection":[{"href":"https:\/\/malatyaarti.com\/index.php\/wp-json\/wp\/v2\/product"}],"about":[{"href":"https:\/\/malatyaarti.com\/index.php\/wp-json\/wp\/v2\/types\/product"}],"replies":[{"embeddable":true,"href":"https:\/\/malatyaarti.com\/index.php\/wp-json\/wp\/v2\/comments?post=16144"}],"version-history":[{"count":1,"href":"https:\/\/malatyaarti.com\/index.php\/wp-json\/wp\/v2\/product\/16144\/revisions"}],"predecessor-version":[{"id":16147,"href":"https:\/\/malatyaarti.com\/index.php\/wp-json\/wp\/v2\/product\/16144\/revisions\/16147"}],"wp:featuredmedia":[{"embeddable":true,"href":"https:\/\/malatyaarti.com\/index.php\/wp-json\/wp\/v2\/media\/16146"}],"wp:attachment":[{"href":"https:\/\/malatyaarti.com\/index.php\/wp-json\/wp\/v2\/media?parent=16144"}],"wp:term":[{"taxonomy":"product_brand","embeddable":true,"href":"https:\/\/malatyaarti.com\/index.php\/wp-json\/wp\/v2\/product_brand?post=16144"},{"taxonomy":"product_cat","embeddable":true,"href":"https:\/\/malatyaarti.com\/index.php\/wp-json\/wp\/v2\/product_cat?post=16144"},{"taxonomy":"product_tag","embeddable":true,"href":"https:\/\/malatyaarti.com\/index.php\/wp-json\/wp\/v2\/product_tag?post=16144"}],"curies":[{"name":"wp","href":"https:\/\/api.w.org\/{rel}","templated":true}]}}