{"id":15653,"date":"2023-12-20T09:19:34","date_gmt":"2023-12-20T09:19:34","guid":{"rendered":"https:\/\/malatyaarti.com\/?page_id=15653"},"modified":"2024-08-15T05:55:10","modified_gmt":"2024-08-15T05:55:10","slug":"kurumsal","status":"publish","type":"page","link":"https:\/\/malatyaarti.com\/index.php\/kurumsal\/","title":{"rendered":"\u00c7\u00f6z\u00fcmlerimiz"},"content":{"rendered":"\t\t<div data-elementor-type=\"wp-page\" data-elementor-id=\"15653\" class=\"elementor elementor-15653\">\n\t\t\t\t<div class=\"wd-negative-gap elementor-element elementor-element-0a9e034 e-flex e-con-boxed wpr-particle-no wpr-jarallax-no wpr-parallax-no wpr-sticky-section-no wpr-equal-height-no e-con e-parent\" data-id=\"0a9e034\" data-element_type=\"container\" data-e-type=\"container\">\n\t\t\t\t\t<div class=\"e-con-inner\">\n\t\t\t\t<div class=\"elementor-element elementor-element-ee06ca1 elementor-widget elementor-widget-wd_mega_menu\" data-id=\"ee06ca1\" data-element_type=\"widget\" data-e-type=\"widget\" data-widget_type=\"wd_mega_menu.default\">\n\t\t\t\t<div class=\"elementor-widget-container\">\n\t\t\t\t\t\t\t<div class=\"wd-menu widget_nav_mega_menu wd-nav-wrapper\">\n\t\t\t\t\t\t<ul id=\"menu-cozumler\" class=\"menu wd-nav wd-nav-vertical wd-design-with-bg\"><li id=\"menu-item-16196\" class=\"menu-item menu-item-type-post_type menu-item-object-page menu-item-16196 item-level-0 menu-simple-dropdown wd-event-hover\" ><a href=\"https:\/\/malatyaarti.com\/index.php\/guvenlik-cozumleri\/\" class=\"woodmart-nav-link\"><span class=\"nav-link-text\">G\u00fcvenlik \u00c7\u00f6z\u00fcmleri<\/span><\/a><\/li>\n<li id=\"menu-item-16195\" class=\"menu-item menu-item-type-post_type menu-item-object-page menu-item-16195 item-level-0 menu-simple-dropdown wd-event-hover\" ><a href=\"https:\/\/malatyaarti.com\/index.php\/kurumsal-sistem-cozumleri\/\" class=\"woodmart-nav-link\"><span class=\"nav-link-text\">Kurumsal Sistem \u00c7\u00f6z\u00fcmleri<\/span><\/a><\/li>\n<li id=\"menu-item-16194\" class=\"menu-item menu-item-type-post_type menu-item-object-page menu-item-16194 item-level-0 menu-simple-dropdown wd-event-hover\" ><a href=\"https:\/\/malatyaarti.com\/index.php\/alt-yapi-ve-kablolama\/\" class=\"woodmart-nav-link\"><span class=\"nav-link-text\">Alt Yap\u0131 ve Kablolama<\/span><\/a><\/li>\n<li id=\"menu-item-16193\" class=\"menu-item menu-item-type-post_type menu-item-object-page menu-item-16193 item-level-0 menu-simple-dropdown wd-event-hover\" ><a href=\"https:\/\/malatyaarti.com\/index.php\/teknik-servis-cozumleri\/\" class=\"woodmart-nav-link\"><span class=\"nav-link-text\">Teknik Servis \u00c7\u00f6z\u00fcmleri<\/span><\/a><\/li>\n<li id=\"menu-item-16192\" class=\"menu-item menu-item-type-post_type menu-item-object-page menu-item-16192 item-level-0 menu-simple-dropdown wd-event-hover\" ><a href=\"https:\/\/malatyaarti.com\/index.php\/yazilim-cozumleri\/\" class=\"woodmart-nav-link\"><span class=\"nav-link-text\">Yaz\u0131l\u0131m \u00c7\u00f6z\u00fcmleri<\/span><\/a><\/li>\n<\/ul>\t\t<\/div>\n\t\t\t\t\t\t<\/div>\n\t\t\t\t<\/div>\n\t\t\t\t\t<\/div>\n\t\t\t\t<\/div>\n\t\t\t\t<\/div>\n\t\t","protected":false},"excerpt":{"rendered":"<p>G\u00fcvenlik \u00c7\u00f6z\u00fcmleri Kurumsal Sistem \u00c7\u00f6z\u00fcmleri Alt Yap\u0131 ve Kablolama Teknik Servis \u00c7\u00f6z\u00fcmleri Yaz\u0131l\u0131m \u00c7\u00f6z\u00fcmleri<\/p>\n","protected":false},"author":1,"featured_media":0,"parent":0,"menu_order":0,"comment_status":"closed","ping_status":"closed","template":"","meta":{"footnotes":""},"class_list":["post-15653","page","type-page","status-publish","hentry"],"yoast_head":"<!-- This site is optimized with the Yoast SEO plugin v27.4 - https:\/\/yoast.com\/product\/yoast-seo-wordpress\/ -->\n<title>Malatya Art\u0131 Bilgisayar &ndash; FortiGate, G&uuml;venlik Kameras\u0131 ve A\u011f &Ccedil;&ouml;z&uuml;mleri<\/title>\n<meta name=\"description\" content=\"Malatya Art\u0131 Bilgisayar Profesyonel g\u00fcvenlik ve bili\u015fim \u00e7\u00f6z\u00fcmleri ,Kablolamadan dijital ihtiya\u00e7lar\u0131n\u0131za kadar g\u00fcvenilir hizmetler sa\u011fl\u0131yoruz.\" \/>\n<meta name=\"robots\" content=\"index, follow, max-snippet:-1, max-image-preview:large, max-video-preview:-1\" \/>\n<link rel=\"canonical\" href=\"https:\/\/malatyaarti.com\/index.php\/kurumsal\/\" \/>\n<meta property=\"og:locale\" content=\"tr_TR\" \/>\n<meta property=\"og:type\" content=\"article\" \/>\n<meta property=\"og:title\" content=\"Malatya Art\u0131 Bilgisayar &ndash; FortiGate, G&uuml;venlik Kameras\u0131 ve A\u011f &Ccedil;&ouml;z&uuml;mleri\" \/>\n<meta property=\"og:description\" content=\"Malatya Art\u0131 Bilgisayar Profesyonel g\u00fcvenlik ve bili\u015fim \u00e7\u00f6z\u00fcmleri ,Kablolamadan dijital ihtiya\u00e7lar\u0131n\u0131za kadar g\u00fcvenilir hizmetler sa\u011fl\u0131yoruz.\" \/>\n<meta property=\"og:url\" content=\"https:\/\/malatyaarti.com\/index.php\/kurumsal\/\" \/>\n<meta property=\"og:site_name\" content=\"Malatya Art\u0131 Bilgisayar &ndash; FortiGate, G&uuml;venlik Kameras\u0131 ve A\u011f &Ccedil;&ouml;z&uuml;mleri\" \/>\n<meta property=\"article:publisher\" content=\"https:\/\/www.facebook.com\/malatyaarti\" \/>\n<meta property=\"article:modified_time\" content=\"2024-08-15T05:55:10+00:00\" \/>\n<meta property=\"og:image\" content=\"https:\/\/malatyaarti.com\/wp-content\/uploads\/2025\/03\/malatya-arti-bilgisayar-fortigate-firewall-guvelik-kamerasi-sunucu-server.webp\" \/>\n\t<meta property=\"og:image:width\" content=\"700\" \/>\n\t<meta property=\"og:image:height\" content=\"700\" \/>\n\t<meta property=\"og:image:type\" content=\"image\/webp\" \/>\n<meta name=\"twitter:card\" content=\"summary_large_image\" \/>\n<meta name=\"twitter:label1\" content=\"Tahmini okuma s\u00fcresi\" \/>\n\t<meta name=\"twitter:data1\" content=\"1 dakika\" \/>\n<script type=\"application\/ld+json\" class=\"yoast-schema-graph\">{\"@context\":\"https:\\\/\\\/schema.org\",\"@graph\":[{\"@type\":\"WebPage\",\"@id\":\"https:\\\/\\\/malatyaarti.com\\\/index.php\\\/kurumsal\\\/\",\"url\":\"https:\\\/\\\/malatyaarti.com\\\/index.php\\\/kurumsal\\\/\",\"name\":\"Malatya Art\u0131 Bilgisayar &ndash; FortiGate, G&uuml;venlik Kameras\u0131 ve A\u011f &Ccedil;&ouml;z&uuml;mleri\",\"isPartOf\":{\"@id\":\"https:\\\/\\\/malatyaarti.com\\\/#website\"},\"datePublished\":\"2023-12-20T09:19:34+00:00\",\"dateModified\":\"2024-08-15T05:55:10+00:00\",\"description\":\"Malatya Art\u0131 Bilgisayar Profesyonel g\u00fcvenlik ve bili\u015fim \u00e7\u00f6z\u00fcmleri ,Kablolamadan dijital ihtiya\u00e7lar\u0131n\u0131za kadar g\u00fcvenilir hizmetler sa\u011fl\u0131yoruz.\",\"breadcrumb\":{\"@id\":\"https:\\\/\\\/malatyaarti.com\\\/index.php\\\/kurumsal\\\/#breadcrumb\"},\"inLanguage\":\"tr\",\"potentialAction\":[{\"@type\":\"ReadAction\",\"target\":[\"https:\\\/\\\/malatyaarti.com\\\/index.php\\\/kurumsal\\\/\"]}]},{\"@type\":\"BreadcrumbList\",\"@id\":\"https:\\\/\\\/malatyaarti.com\\\/index.php\\\/kurumsal\\\/#breadcrumb\",\"itemListElement\":[{\"@type\":\"ListItem\",\"position\":1,\"name\":\"Anasayfa\",\"item\":\"https:\\\/\\\/malatyaarti.com\\\/\"},{\"@type\":\"ListItem\",\"position\":2,\"name\":\"\u00c7\u00f6z\u00fcmlerimiz\"}]},{\"@type\":\"WebSite\",\"@id\":\"https:\\\/\\\/malatyaarti.com\\\/#website\",\"url\":\"https:\\\/\\\/malatyaarti.com\\\/\",\"name\":\"Malatya Art\u0131 Bilgisayar \u2013 FortiGate, G\u00fcvenlik Kameras\u0131 ve A\u011f \u00c7\u00f6z\u00fcmleri\",\"description\":\"Malatya&rsquo;da FortiGate Firewall, G&uuml;venlik Kameras\u0131 ve A\u011f &Ccedil;&ouml;z&uuml;mlerinde Profesyonel Hizmet!\",\"publisher\":{\"@id\":\"https:\\\/\\\/malatyaarti.com\\\/#organization\"},\"potentialAction\":[{\"@type\":\"SearchAction\",\"target\":{\"@type\":\"EntryPoint\",\"urlTemplate\":\"https:\\\/\\\/malatyaarti.com\\\/?s={search_term_string}\"},\"query-input\":{\"@type\":\"PropertyValueSpecification\",\"valueRequired\":true,\"valueName\":\"search_term_string\"}}],\"inLanguage\":\"tr\"},{\"@type\":\"Organization\",\"@id\":\"https:\\\/\\\/malatyaarti.com\\\/#organization\",\"name\":\"Malatya Art\u0131 Bilgisayar \u2013 FortiGate, G\u00fcvenlik Kameras\u0131 ve A\u011f \u00c7\u00f6z\u00fcmleri\",\"url\":\"https:\\\/\\\/malatyaarti.com\\\/\",\"logo\":{\"@type\":\"ImageObject\",\"inLanguage\":\"tr\",\"@id\":\"https:\\\/\\\/malatyaarti.com\\\/#\\\/schema\\\/logo\\\/image\\\/\",\"url\":\"https:\\\/\\\/malatyaarti.com\\\/wp-content\\\/uploads\\\/2025\\\/03\\\/malatya-arti-bilgisayar-fortigate-firewall-guvelik-kamerasi-sunucu-server.webp\",\"contentUrl\":\"https:\\\/\\\/malatyaarti.com\\\/wp-content\\\/uploads\\\/2025\\\/03\\\/malatya-arti-bilgisayar-fortigate-firewall-guvelik-kamerasi-sunucu-server.webp\",\"width\":700,\"height\":700,\"caption\":\"Malatya Art\u0131 Bilgisayar \u2013 FortiGate, G\u00fcvenlik Kameras\u0131 ve A\u011f \u00c7\u00f6z\u00fcmleri\"},\"image\":{\"@id\":\"https:\\\/\\\/malatyaarti.com\\\/#\\\/schema\\\/logo\\\/image\\\/\"},\"sameAs\":[\"https:\\\/\\\/www.facebook.com\\\/malatyaarti\"]}]}<\/script>\n<!-- \/ Yoast SEO plugin. -->","yoast_head_json":{"title":"Malatya Art\u0131 Bilgisayar &ndash; FortiGate, G&uuml;venlik Kameras\u0131 ve A\u011f &Ccedil;&ouml;z&uuml;mleri","description":"Malatya Art\u0131 Bilgisayar Profesyonel g\u00fcvenlik ve bili\u015fim \u00e7\u00f6z\u00fcmleri ,Kablolamadan dijital ihtiya\u00e7lar\u0131n\u0131za kadar g\u00fcvenilir hizmetler sa\u011fl\u0131yoruz.","robots":{"index":"index","follow":"follow","max-snippet":"max-snippet:-1","max-image-preview":"max-image-preview:large","max-video-preview":"max-video-preview:-1"},"canonical":"https:\/\/malatyaarti.com\/index.php\/kurumsal\/","og_locale":"tr_TR","og_type":"article","og_title":"Malatya Art\u0131 Bilgisayar &ndash; FortiGate, G&uuml;venlik Kameras\u0131 ve A\u011f &Ccedil;&ouml;z&uuml;mleri","og_description":"Malatya Art\u0131 Bilgisayar Profesyonel g\u00fcvenlik ve bili\u015fim \u00e7\u00f6z\u00fcmleri ,Kablolamadan dijital ihtiya\u00e7lar\u0131n\u0131za kadar g\u00fcvenilir hizmetler sa\u011fl\u0131yoruz.","og_url":"https:\/\/malatyaarti.com\/index.php\/kurumsal\/","og_site_name":"Malatya Art\u0131 Bilgisayar &ndash; FortiGate, G&uuml;venlik Kameras\u0131 ve A\u011f &Ccedil;&ouml;z&uuml;mleri","article_publisher":"https:\/\/www.facebook.com\/malatyaarti","article_modified_time":"2024-08-15T05:55:10+00:00","og_image":[{"width":700,"height":700,"url":"https:\/\/malatyaarti.com\/wp-content\/uploads\/2025\/03\/malatya-arti-bilgisayar-fortigate-firewall-guvelik-kamerasi-sunucu-server.webp","type":"image\/webp"}],"twitter_card":"summary_large_image","twitter_misc":{"Tahmini okuma s\u00fcresi":"1 dakika"},"schema":{"@context":"https:\/\/schema.org","@graph":[{"@type":"WebPage","@id":"https:\/\/malatyaarti.com\/index.php\/kurumsal\/","url":"https:\/\/malatyaarti.com\/index.php\/kurumsal\/","name":"Malatya Art\u0131 Bilgisayar &ndash; FortiGate, G&uuml;venlik Kameras\u0131 ve A\u011f &Ccedil;&ouml;z&uuml;mleri","isPartOf":{"@id":"https:\/\/malatyaarti.com\/#website"},"datePublished":"2023-12-20T09:19:34+00:00","dateModified":"2024-08-15T05:55:10+00:00","description":"Malatya Art\u0131 Bilgisayar Profesyonel g\u00fcvenlik ve bili\u015fim \u00e7\u00f6z\u00fcmleri ,Kablolamadan dijital ihtiya\u00e7lar\u0131n\u0131za kadar g\u00fcvenilir hizmetler sa\u011fl\u0131yoruz.","breadcrumb":{"@id":"https:\/\/malatyaarti.com\/index.php\/kurumsal\/#breadcrumb"},"inLanguage":"tr","potentialAction":[{"@type":"ReadAction","target":["https:\/\/malatyaarti.com\/index.php\/kurumsal\/"]}]},{"@type":"BreadcrumbList","@id":"https:\/\/malatyaarti.com\/index.php\/kurumsal\/#breadcrumb","itemListElement":[{"@type":"ListItem","position":1,"name":"Anasayfa","item":"https:\/\/malatyaarti.com\/"},{"@type":"ListItem","position":2,"name":"\u00c7\u00f6z\u00fcmlerimiz"}]},{"@type":"WebSite","@id":"https:\/\/malatyaarti.com\/#website","url":"https:\/\/malatyaarti.com\/","name":"Malatya Art\u0131 Bilgisayar \u2013 FortiGate, G\u00fcvenlik Kameras\u0131 ve A\u011f \u00c7\u00f6z\u00fcmleri","description":"Malatya&rsquo;da FortiGate Firewall, G&uuml;venlik Kameras\u0131 ve A\u011f &Ccedil;&ouml;z&uuml;mlerinde Profesyonel Hizmet!","publisher":{"@id":"https:\/\/malatyaarti.com\/#organization"},"potentialAction":[{"@type":"SearchAction","target":{"@type":"EntryPoint","urlTemplate":"https:\/\/malatyaarti.com\/?s={search_term_string}"},"query-input":{"@type":"PropertyValueSpecification","valueRequired":true,"valueName":"search_term_string"}}],"inLanguage":"tr"},{"@type":"Organization","@id":"https:\/\/malatyaarti.com\/#organization","name":"Malatya Art\u0131 Bilgisayar \u2013 FortiGate, G\u00fcvenlik Kameras\u0131 ve A\u011f \u00c7\u00f6z\u00fcmleri","url":"https:\/\/malatyaarti.com\/","logo":{"@type":"ImageObject","inLanguage":"tr","@id":"https:\/\/malatyaarti.com\/#\/schema\/logo\/image\/","url":"https:\/\/malatyaarti.com\/wp-content\/uploads\/2025\/03\/malatya-arti-bilgisayar-fortigate-firewall-guvelik-kamerasi-sunucu-server.webp","contentUrl":"https:\/\/malatyaarti.com\/wp-content\/uploads\/2025\/03\/malatya-arti-bilgisayar-fortigate-firewall-guvelik-kamerasi-sunucu-server.webp","width":700,"height":700,"caption":"Malatya Art\u0131 Bilgisayar \u2013 FortiGate, G\u00fcvenlik Kameras\u0131 ve A\u011f \u00c7\u00f6z\u00fcmleri"},"image":{"@id":"https:\/\/malatyaarti.com\/#\/schema\/logo\/image\/"},"sameAs":["https:\/\/www.facebook.com\/malatyaarti"]}]}},"_links":{"self":[{"href":"https:\/\/malatyaarti.com\/index.php\/wp-json\/wp\/v2\/pages\/15653","targetHints":{"allow":["GET"]}}],"collection":[{"href":"https:\/\/malatyaarti.com\/index.php\/wp-json\/wp\/v2\/pages"}],"about":[{"href":"https:\/\/malatyaarti.com\/index.php\/wp-json\/wp\/v2\/types\/page"}],"author":[{"embeddable":true,"href":"https:\/\/malatyaarti.com\/index.php\/wp-json\/wp\/v2\/users\/1"}],"replies":[{"embeddable":true,"href":"https:\/\/malatyaarti.com\/index.php\/wp-json\/wp\/v2\/comments?post=15653"}],"version-history":[{"count":8,"href":"https:\/\/malatyaarti.com\/index.php\/wp-json\/wp\/v2\/pages\/15653\/revisions"}],"predecessor-version":[{"id":16200,"href":"https:\/\/malatyaarti.com\/index.php\/wp-json\/wp\/v2\/pages\/15653\/revisions\/16200"}],"wp:attachment":[{"href":"https:\/\/malatyaarti.com\/index.php\/wp-json\/wp\/v2\/media?parent=15653"}],"curies":[{"name":"wp","href":"https:\/\/api.w.org\/{rel}","templated":true}]}}