{"id":15644,"date":"2023-12-20T09:17:59","date_gmt":"2023-12-20T09:17:59","guid":{"rendered":"https:\/\/malatyaarti.com\/?page_id=15644"},"modified":"2025-03-27T06:24:01","modified_gmt":"2025-03-27T06:24:01","slug":"hakkimizda","status":"publish","type":"page","link":"https:\/\/malatyaarti.com\/index.php\/hakkimizda\/","title":{"rendered":"Hakk\u0131m\u0131zda"},"content":{"rendered":"\n<h3 class=\"wp-block-heading\"><strong>Malatya Art\u0131 Bilgisayar \u2013 G\u00fcvenilir Bili\u015fim, G\u00fcvenlik ve A\u011f \u00c7\u00f6z\u00fcmleri<\/strong><\/h3>\n\n\n\n<p><strong>2006 y\u0131l\u0131ndan bu yana<\/strong> uzman kadrosu ve geni\u015fleyen deneyimiyle <strong>Malatya Art\u0131 Bilgisayar<\/strong>, yaz\u0131l\u0131m, donan\u0131m, proje y\u00f6netimi, sistem entegrasyonu ve teknik destek hizmetlerinde <strong>\u00f6nc\u00fc bir bili\u015fim firmas\u0131<\/strong> olarak faaliyet g\u00f6stermektedir.<\/p>\n\n\n\n<p>T\u00fcrkiye\u2019nin bili\u015fim sekt\u00f6r\u00fcndeki lider firmalar\u0131ndan biri olan <strong>Art\u0131 Bilgisayar<\/strong>, m\u00fc\u015fterilerinin <strong>FortiGate firewall, g\u00fcvenlik kameras\u0131, sunucu \u00e7\u00f6z\u00fcmleri ve a\u011f sistemleri<\/strong> gibi bili\u015fim teknolojilerini en verimli \u015fekilde kullanmalar\u0131n\u0131 sa\u011flar.<\/p>\n\n\n\n<p>Kurumsal i\u015fletmeler i\u00e7in <strong>siber g\u00fcvenlik, veri koruma, sunucu y\u00f6netimi, teknik destek ve IT dan\u0131\u015fmanl\u0131\u011f\u0131<\/strong> hizmetleri sunan firmam\u0131z, g\u00fcvenilir i\u015f ortaklar\u0131 ile \u00e7al\u0131\u015farak <strong>en y\u00fcksek kalite standartlar\u0131nda \u00e7\u00f6z\u00fcmler \u00fcretmektedir.<\/strong><\/p>\n\n\n\n<hr class=\"wp-block-separator has-alpha-channel-opacity\"\/>\n\n\n\n<h2 class=\"wp-block-heading\"><strong>\ud83d\udca1 Misyonumuz<\/strong><\/h2>\n\n\n\n<p>Bili\u015fim sekt\u00f6r\u00fcnde fark yaratan <strong>7\/24 teknik destek hizmetimizle<\/strong> m\u00fc\u015fteri memnuniyetini \u00f6n planda tutuyoruz. <strong>Sat\u0131\u015f sonras\u0131 deste\u011fin \u00f6neminin bilincinde olarak<\/strong>, g\u00fcvenilir ve kesintisiz \u00e7\u00f6z\u00fcmler sunuyoruz.<\/p>\n\n\n\n<p><strong>Art\u0131 Bilgisayar<\/strong>, uzman ekipleriyle;<br>\u2705 <strong>Bili\u015fim altyap\u0131 \u00e7\u00f6z\u00fcmleri<\/strong><br>\u2705 <strong>FortiGate firewall ve siber g\u00fcvenlik \u00e7\u00f6z\u00fcmleri<\/strong><br>\u2705 <strong>G\u00fcvenlik kameras\u0131 sistemleri<\/strong><br>\u2705 <strong>Sunucu kurulumu ve a\u011f y\u00f6netimi<\/strong><br>\u2705 <strong>Teknik servis ve sistem bak\u0131m\u0131<\/strong><br>\u2705 <strong>Kurumsal IT dan\u0131\u015fmanl\u0131\u011f\u0131<\/strong><br>alanlar\u0131nda <strong>M\u00fc\u015fteri Memnuniyetinin S\u00fcreklili\u011fi Esast\u0131r<\/strong> ilkesiyle hizmet vermektedir.<\/p>\n\n\n\n<hr class=\"wp-block-separator has-alpha-channel-opacity\"\/>\n\n\n\n<h2 class=\"wp-block-heading\"><strong>\ud83c\udf0d Vizyonumuz<\/strong><\/h2>\n\n\n\n<p>\ud83d\ude80 <strong>M\u00fc\u015fteri memnuniyetini en \u00fcst d\u00fczeye \u00e7\u0131karmak i\u00e7in y\u00fcksek standartlarda hizmet sunmak<\/strong><br>\ud83d\ude80 <strong>M\u00fc\u015fterilerimizin zaman\u0131na ve haklar\u0131na sayg\u0131 g\u00f6stermek<\/strong><br>\ud83d\ude80 <strong>\u00c7al\u0131\u015fanlar\u0131m\u0131z\u0131n mutlulu\u011funu ve motivasyonunu art\u0131rmak<\/strong><br>\ud83d\ude80 <strong>\u00c7evreye, topluma ve evrensel de\u011ferlere duyarl\u0131 bir yakla\u015f\u0131m benimsemek<\/strong><\/p>\n\n\n\n<hr class=\"wp-block-separator has-alpha-channel-opacity\"\/>\n\n\n\n<h2 class=\"wp-block-heading\"><strong>\ud83d\udd39 Temel \u0130lkelerimiz<\/strong><\/h2>\n\n\n\n<p>\u2705 <strong>Ko\u015fulsuz m\u00fc\u015fteri memnuniyeti<\/strong><br>\u2705 <strong>G\u00fcvenilirlik ve d\u00fcr\u00fcstl\u00fck<\/strong><br>\u2705 <strong>\u00c7\u00f6z\u00fcm odakl\u0131 hizmet anlay\u0131\u015f\u0131<\/strong><br>\u2705 <strong>\u0130leri teknoloji ve Ar-Ge\u2019ye yat\u0131r\u0131m<\/strong><br>\u2705 <strong>Tak\u0131m \u00e7al\u0131\u015fmas\u0131 ve s\u00fcrekli geli\u015fim<\/strong><\/p>\n\n\n\n<p><strong>Malatya\u2019da FortiGate firewall, g\u00fcvenlik kameras\u0131, sunucu \u00e7\u00f6z\u00fcmleri ve a\u011f y\u00f6netimi hizmetleri<\/strong> i\u00e7in g\u00fcvenilir bir i\u015f orta\u011f\u0131 ar\u0131yorsan\u0131z, <strong>Malatya Art\u0131 Bilgisayar ile ileti\u015fime ge\u00e7in!<\/strong><\/p>\n\n\n\n<div data-wp-interactive=\"core\/file\" class=\"wp-block-file\"><object data-wp-bind--hidden=\"!state.hasPdfPreview\" hidden class=\"wp-block-file__embed\" data=\"https:\/\/malatyaarti.com\/wp-content\/uploads\/2023\/12\/ARTI-BILGISAYAR-Ust-Logo.pdf\" type=\"application\/pdf\" style=\"width:100%;height:600px\" aria-label=\"ARTI-BILGISAYAR-Ust-Logo g\u00f6m\u00fcs\u00fc.\"><\/object><a id=\"wp-block-file--media-0b5952c4-0ea3-40a3-a576-7a4ce1772060\" href=\"https:\/\/malatyaarti.com\/wp-content\/uploads\/2023\/12\/ARTI-BILGISAYAR-Ust-Logo.pdf\">ARTI-BILGISAYAR-Ust-Logo<\/a><a href=\"https:\/\/malatyaarti.com\/wp-content\/uploads\/2023\/12\/ARTI-BILGISAYAR-Ust-Logo.pdf\" class=\"wp-block-file__button wp-element-button\" download aria-describedby=\"wp-block-file--media-0b5952c4-0ea3-40a3-a576-7a4ce1772060\">\u0130ndir<\/a><\/div>\n\n\n\n<div data-wp-interactive=\"core\/file\" class=\"wp-block-file\"><object data-wp-bind--hidden=\"!state.hasPdfPreview\" hidden class=\"wp-block-file__embed\" data=\"https:\/\/malatyaarti.com\/wp-content\/uploads\/2023\/12\/ARTI-BILGISAYAR-Kart-Vizit.pdf\" type=\"application\/pdf\" style=\"width:100%;height:600px\" aria-label=\"ARTI-BILGISAYAR-Kart-Vizit g\u00f6m\u00fcs\u00fc.\"><\/object><a id=\"wp-block-file--media-50d8c3b4-08a7-4e8a-b4ba-41ee505a899d\" href=\"https:\/\/malatyaarti.com\/wp-content\/uploads\/2023\/12\/ARTI-BILGISAYAR-Kart-Vizit.pdf\">ARTI-BILGISAYAR-Kart-Vizit<\/a><a href=\"https:\/\/malatyaarti.com\/wp-content\/uploads\/2023\/12\/ARTI-BILGISAYAR-Kart-Vizit.pdf\" class=\"wp-block-file__button wp-element-button\" download aria-describedby=\"wp-block-file--media-50d8c3b4-08a7-4e8a-b4ba-41ee505a899d\">\u0130ndir<\/a><\/div>\n\n\n\n<div data-wp-interactive=\"core\/file\" class=\"wp-block-file\"><object data-wp-bind--hidden=\"!state.hasPdfPreview\" hidden class=\"wp-block-file__embed\" data=\"https:\/\/malatyaarti.com\/wp-content\/uploads\/2023\/12\/ARTI-BILGISAYAR-Dosya.pdf\" type=\"application\/pdf\" style=\"width:100%;height:600px\" aria-label=\"ARTI-BILGISAYAR-Dosya g\u00f6m\u00fcs\u00fc.\"><\/object><a id=\"wp-block-file--media-5f9ff5f2-e3d1-434a-8a71-fdaeebad0202\" href=\"https:\/\/malatyaarti.com\/wp-content\/uploads\/2023\/12\/ARTI-BILGISAYAR-Dosya.pdf\">ARTI-BILGISAYAR-Dosya<\/a><a href=\"https:\/\/malatyaarti.com\/wp-content\/uploads\/2023\/12\/ARTI-BILGISAYAR-Dosya.pdf\" class=\"wp-block-file__button wp-element-button\" download aria-describedby=\"wp-block-file--media-5f9ff5f2-e3d1-434a-8a71-fdaeebad0202\">\u0130ndir<\/a><\/div>\n\n\n\n<div data-wp-interactive=\"core\/file\" class=\"wp-block-file\"><object data-wp-bind--hidden=\"!state.hasPdfPreview\" hidden class=\"wp-block-file__embed\" data=\"https:\/\/malatyaarti.com\/wp-content\/uploads\/2023\/12\/ARTI-BILGISAYAR-Dijital-Imza.pdf\" type=\"application\/pdf\" style=\"width:100%;height:600px\" aria-label=\"ARTI-BILGISAYAR-Dijital-Imza g\u00f6m\u00fcs\u00fc.\"><\/object><a id=\"wp-block-file--media-51a98514-7f79-4dbd-93cc-962d1382718f\" href=\"https:\/\/malatyaarti.com\/wp-content\/uploads\/2023\/12\/ARTI-BILGISAYAR-Dijital-Imza.pdf\">ARTI-BILGISAYAR-Dijital-Imza<\/a><a href=\"https:\/\/malatyaarti.com\/wp-content\/uploads\/2023\/12\/ARTI-BILGISAYAR-Dijital-Imza.pdf\" class=\"wp-block-file__button wp-element-button\" download aria-describedby=\"wp-block-file--media-51a98514-7f79-4dbd-93cc-962d1382718f\">\u0130ndir<\/a><\/div>\n\n\n\n<div data-wp-interactive=\"core\/file\" class=\"wp-block-file\"><object data-wp-bind--hidden=\"!state.hasPdfPreview\" hidden class=\"wp-block-file__embed\" data=\"https:\/\/malatyaarti.com\/wp-content\/uploads\/2023\/12\/ARTI-BILGISAYAR-Antetli-Kagit.pdf\" type=\"application\/pdf\" style=\"width:100%;height:600px\" aria-label=\"ARTI-BILGISAYAR-Antetli-Kagit g\u00f6m\u00fcs\u00fc.\"><\/object><a id=\"wp-block-file--media-bcfcd23e-93d8-4640-b589-82409eccf27c\" href=\"https:\/\/malatyaarti.com\/wp-content\/uploads\/2023\/12\/ARTI-BILGISAYAR-Antetli-Kagit.pdf\">ARTI-BILGISAYAR-Antetli-Kagit<\/a><a href=\"https:\/\/malatyaarti.com\/wp-content\/uploads\/2023\/12\/ARTI-BILGISAYAR-Antetli-Kagit.pdf\" class=\"wp-block-file__button wp-element-button\" download aria-describedby=\"wp-block-file--media-bcfcd23e-93d8-4640-b589-82409eccf27c\">\u0130ndir<\/a><\/div>\n\n\n\n<div data-wp-interactive=\"core\/file\" class=\"wp-block-file\"><object data-wp-bind--hidden=\"!state.hasPdfPreview\" hidden class=\"wp-block-file__embed\" data=\"https:\/\/malatyaarti.com\/wp-content\/uploads\/2023\/12\/ARTI-BILGISAYAR-Alt-Logo.pdf\" type=\"application\/pdf\" style=\"width:100%;height:600px\" aria-label=\"ARTI-BILGISAYAR-Alt-Logo g\u00f6m\u00fcs\u00fc.\"><\/object><a id=\"wp-block-file--media-be87b25d-3f9b-43fb-9ea6-b20cb8aefd59\" href=\"https:\/\/malatyaarti.com\/wp-content\/uploads\/2023\/12\/ARTI-BILGISAYAR-Alt-Logo.pdf\">ARTI-BILGISAYAR-Alt-Logo<\/a><a href=\"https:\/\/malatyaarti.com\/wp-content\/uploads\/2023\/12\/ARTI-BILGISAYAR-Alt-Logo.pdf\" class=\"wp-block-file__button wp-element-button\" download aria-describedby=\"wp-block-file--media-be87b25d-3f9b-43fb-9ea6-b20cb8aefd59\">\u0130ndir<\/a><\/div>\n\n\n\n<p><\/p>\n","protected":false},"excerpt":{"rendered":"<p>Malatya Art\u0131 Bilgisayar \u2013 G\u00fcvenilir Bili\u015fim, G\u00fcvenlik ve A\u011f \u00c7\u00f6z\u00fcmleri 2006 y\u0131l\u0131ndan bu yana uzman kadrosu ve geni\u015fleyen deneyimiyle Malatya<\/p>\n","protected":false},"author":1,"featured_media":16362,"parent":0,"menu_order":0,"comment_status":"closed","ping_status":"closed","template":"","meta":{"footnotes":""},"class_list":["post-15644","page","type-page","status-publish","has-post-thumbnail","hentry"],"yoast_head":"<!-- This site is optimized with the Yoast SEO plugin v27.4 - https:\/\/yoast.com\/product\/yoast-seo-wordpress\/ -->\n<title>Malatya Art\u0131 Bilgisayar &ndash; FortiGate, G&uuml;venlik Kameras\u0131 ve A\u011f &Ccedil;&ouml;z&uuml;mleri<\/title>\n<meta name=\"description\" content=\"Malatya Art\u0131 Bilgisayar, Malatya\u2019da FortiGate firewall, g\u00fcvenlik kameras\u0131, sunucu ve a\u011f \u00e7\u00f6z\u00fcmleriyle i\u015fletmelere kesintisiz g\u00fcvenlik ve performans sunar. Profesyonel IT deste\u011fi i\u00e7in bizimle ileti\u015fime ge\u00e7in!\" \/>\n<meta name=\"robots\" content=\"index, follow, max-snippet:-1, max-image-preview:large, max-video-preview:-1\" \/>\n<link rel=\"canonical\" href=\"https:\/\/malatyaarti.com\/index.php\/hakkimizda\/\" \/>\n<meta property=\"og:locale\" content=\"tr_TR\" \/>\n<meta property=\"og:type\" content=\"article\" \/>\n<meta property=\"og:title\" content=\"Malatya Art\u0131 Bilgisayar &ndash; FortiGate, G&uuml;venlik Kameras\u0131 ve A\u011f &Ccedil;&ouml;z&uuml;mleri\" \/>\n<meta property=\"og:description\" content=\"Malatya Art\u0131 Bilgisayar, Malatya\u2019da FortiGate firewall, g\u00fcvenlik kameras\u0131, sunucu ve a\u011f \u00e7\u00f6z\u00fcmleriyle i\u015fletmelere kesintisiz g\u00fcvenlik ve performans sunar. Profesyonel IT deste\u011fi i\u00e7in bizimle ileti\u015fime ge\u00e7in!\" \/>\n<meta property=\"og:url\" content=\"https:\/\/malatyaarti.com\/index.php\/hakkimizda\/\" \/>\n<meta property=\"og:site_name\" content=\"Malatya Art\u0131 Bilgisayar &ndash; FortiGate, G&uuml;venlik Kameras\u0131 ve A\u011f &Ccedil;&ouml;z&uuml;mleri\" \/>\n<meta property=\"article:publisher\" content=\"https:\/\/www.facebook.com\/malatyaarti\" \/>\n<meta property=\"article:modified_time\" content=\"2025-03-27T06:24:01+00:00\" \/>\n<meta property=\"og:image\" content=\"https:\/\/malatyaarti.com\/wp-content\/uploads\/2025\/03\/malatya-arti-bilgisayar-fortigate-firewall-guvelik-kamerasi-sunucu-server.webp\" \/>\n\t<meta property=\"og:image:width\" content=\"700\" \/>\n\t<meta property=\"og:image:height\" content=\"700\" \/>\n\t<meta property=\"og:image:type\" content=\"image\/webp\" \/>\n<meta name=\"twitter:card\" content=\"summary_large_image\" \/>\n<meta name=\"twitter:label1\" content=\"Tahmini okuma s\u00fcresi\" \/>\n\t<meta name=\"twitter:data1\" content=\"2 dakika\" \/>\n<script type=\"application\/ld+json\" class=\"yoast-schema-graph\">{\"@context\":\"https:\\\/\\\/schema.org\",\"@graph\":[{\"@type\":\"WebPage\",\"@id\":\"https:\\\/\\\/malatyaarti.com\\\/index.php\\\/hakkimizda\\\/\",\"url\":\"https:\\\/\\\/malatyaarti.com\\\/index.php\\\/hakkimizda\\\/\",\"name\":\"Malatya Art\u0131 Bilgisayar &ndash; FortiGate, G&uuml;venlik Kameras\u0131 ve A\u011f &Ccedil;&ouml;z&uuml;mleri\",\"isPartOf\":{\"@id\":\"https:\\\/\\\/malatyaarti.com\\\/#website\"},\"primaryImageOfPage\":{\"@id\":\"https:\\\/\\\/malatyaarti.com\\\/index.php\\\/hakkimizda\\\/#primaryimage\"},\"image\":{\"@id\":\"https:\\\/\\\/malatyaarti.com\\\/index.php\\\/hakkimizda\\\/#primaryimage\"},\"thumbnailUrl\":\"https:\\\/\\\/malatyaarti.com\\\/wp-content\\\/uploads\\\/2025\\\/03\\\/malatya-arti-bilgisayar-fortigate-firewall-guvelik-kamerasi-sunucu-server.webp\",\"datePublished\":\"2023-12-20T09:17:59+00:00\",\"dateModified\":\"2025-03-27T06:24:01+00:00\",\"description\":\"Malatya Art\u0131 Bilgisayar, Malatya\u2019da FortiGate firewall, g\u00fcvenlik kameras\u0131, sunucu ve a\u011f \u00e7\u00f6z\u00fcmleriyle i\u015fletmelere kesintisiz g\u00fcvenlik ve performans sunar. Profesyonel IT deste\u011fi i\u00e7in bizimle ileti\u015fime ge\u00e7in!\",\"breadcrumb\":{\"@id\":\"https:\\\/\\\/malatyaarti.com\\\/index.php\\\/hakkimizda\\\/#breadcrumb\"},\"inLanguage\":\"tr\",\"potentialAction\":[{\"@type\":\"ReadAction\",\"target\":[\"https:\\\/\\\/malatyaarti.com\\\/index.php\\\/hakkimizda\\\/\"]}]},{\"@type\":\"ImageObject\",\"inLanguage\":\"tr\",\"@id\":\"https:\\\/\\\/malatyaarti.com\\\/index.php\\\/hakkimizda\\\/#primaryimage\",\"url\":\"https:\\\/\\\/malatyaarti.com\\\/wp-content\\\/uploads\\\/2025\\\/03\\\/malatya-arti-bilgisayar-fortigate-firewall-guvelik-kamerasi-sunucu-server.webp\",\"contentUrl\":\"https:\\\/\\\/malatyaarti.com\\\/wp-content\\\/uploads\\\/2025\\\/03\\\/malatya-arti-bilgisayar-fortigate-firewall-guvelik-kamerasi-sunucu-server.webp\",\"width\":700,\"height\":700},{\"@type\":\"BreadcrumbList\",\"@id\":\"https:\\\/\\\/malatyaarti.com\\\/index.php\\\/hakkimizda\\\/#breadcrumb\",\"itemListElement\":[{\"@type\":\"ListItem\",\"position\":1,\"name\":\"Anasayfa\",\"item\":\"https:\\\/\\\/malatyaarti.com\\\/\"},{\"@type\":\"ListItem\",\"position\":2,\"name\":\"Hakk\u0131m\u0131zda\"}]},{\"@type\":\"WebSite\",\"@id\":\"https:\\\/\\\/malatyaarti.com\\\/#website\",\"url\":\"https:\\\/\\\/malatyaarti.com\\\/\",\"name\":\"Malatya Art\u0131 Bilgisayar \u2013 FortiGate, G\u00fcvenlik Kameras\u0131 ve A\u011f \u00c7\u00f6z\u00fcmleri\",\"description\":\"Malatya&rsquo;da FortiGate Firewall, G&uuml;venlik Kameras\u0131 ve A\u011f &Ccedil;&ouml;z&uuml;mlerinde Profesyonel Hizmet!\",\"publisher\":{\"@id\":\"https:\\\/\\\/malatyaarti.com\\\/#organization\"},\"potentialAction\":[{\"@type\":\"SearchAction\",\"target\":{\"@type\":\"EntryPoint\",\"urlTemplate\":\"https:\\\/\\\/malatyaarti.com\\\/?s={search_term_string}\"},\"query-input\":{\"@type\":\"PropertyValueSpecification\",\"valueRequired\":true,\"valueName\":\"search_term_string\"}}],\"inLanguage\":\"tr\"},{\"@type\":\"Organization\",\"@id\":\"https:\\\/\\\/malatyaarti.com\\\/#organization\",\"name\":\"Malatya Art\u0131 Bilgisayar \u2013 FortiGate, G\u00fcvenlik Kameras\u0131 ve A\u011f \u00c7\u00f6z\u00fcmleri\",\"url\":\"https:\\\/\\\/malatyaarti.com\\\/\",\"logo\":{\"@type\":\"ImageObject\",\"inLanguage\":\"tr\",\"@id\":\"https:\\\/\\\/malatyaarti.com\\\/#\\\/schema\\\/logo\\\/image\\\/\",\"url\":\"https:\\\/\\\/malatyaarti.com\\\/wp-content\\\/uploads\\\/2025\\\/03\\\/malatya-arti-bilgisayar-fortigate-firewall-guvelik-kamerasi-sunucu-server.webp\",\"contentUrl\":\"https:\\\/\\\/malatyaarti.com\\\/wp-content\\\/uploads\\\/2025\\\/03\\\/malatya-arti-bilgisayar-fortigate-firewall-guvelik-kamerasi-sunucu-server.webp\",\"width\":700,\"height\":700,\"caption\":\"Malatya Art\u0131 Bilgisayar \u2013 FortiGate, G\u00fcvenlik Kameras\u0131 ve A\u011f \u00c7\u00f6z\u00fcmleri\"},\"image\":{\"@id\":\"https:\\\/\\\/malatyaarti.com\\\/#\\\/schema\\\/logo\\\/image\\\/\"},\"sameAs\":[\"https:\\\/\\\/www.facebook.com\\\/malatyaarti\"]}]}<\/script>\n<!-- \/ Yoast SEO plugin. -->","yoast_head_json":{"title":"Malatya Art\u0131 Bilgisayar &ndash; FortiGate, G&uuml;venlik Kameras\u0131 ve A\u011f &Ccedil;&ouml;z&uuml;mleri","description":"Malatya Art\u0131 Bilgisayar, Malatya\u2019da FortiGate firewall, g\u00fcvenlik kameras\u0131, sunucu ve a\u011f \u00e7\u00f6z\u00fcmleriyle i\u015fletmelere kesintisiz g\u00fcvenlik ve performans sunar. Profesyonel IT deste\u011fi i\u00e7in bizimle ileti\u015fime ge\u00e7in!","robots":{"index":"index","follow":"follow","max-snippet":"max-snippet:-1","max-image-preview":"max-image-preview:large","max-video-preview":"max-video-preview:-1"},"canonical":"https:\/\/malatyaarti.com\/index.php\/hakkimizda\/","og_locale":"tr_TR","og_type":"article","og_title":"Malatya Art\u0131 Bilgisayar &ndash; FortiGate, G&uuml;venlik Kameras\u0131 ve A\u011f &Ccedil;&ouml;z&uuml;mleri","og_description":"Malatya Art\u0131 Bilgisayar, Malatya\u2019da FortiGate firewall, g\u00fcvenlik kameras\u0131, sunucu ve a\u011f \u00e7\u00f6z\u00fcmleriyle i\u015fletmelere kesintisiz g\u00fcvenlik ve performans sunar. Profesyonel IT deste\u011fi i\u00e7in bizimle ileti\u015fime ge\u00e7in!","og_url":"https:\/\/malatyaarti.com\/index.php\/hakkimizda\/","og_site_name":"Malatya Art\u0131 Bilgisayar &ndash; FortiGate, G&uuml;venlik Kameras\u0131 ve A\u011f &Ccedil;&ouml;z&uuml;mleri","article_publisher":"https:\/\/www.facebook.com\/malatyaarti","article_modified_time":"2025-03-27T06:24:01+00:00","og_image":[{"width":700,"height":700,"url":"https:\/\/malatyaarti.com\/wp-content\/uploads\/2025\/03\/malatya-arti-bilgisayar-fortigate-firewall-guvelik-kamerasi-sunucu-server.webp","type":"image\/webp"}],"twitter_card":"summary_large_image","twitter_misc":{"Tahmini okuma s\u00fcresi":"2 dakika"},"schema":{"@context":"https:\/\/schema.org","@graph":[{"@type":"WebPage","@id":"https:\/\/malatyaarti.com\/index.php\/hakkimizda\/","url":"https:\/\/malatyaarti.com\/index.php\/hakkimizda\/","name":"Malatya Art\u0131 Bilgisayar &ndash; FortiGate, G&uuml;venlik Kameras\u0131 ve A\u011f &Ccedil;&ouml;z&uuml;mleri","isPartOf":{"@id":"https:\/\/malatyaarti.com\/#website"},"primaryImageOfPage":{"@id":"https:\/\/malatyaarti.com\/index.php\/hakkimizda\/#primaryimage"},"image":{"@id":"https:\/\/malatyaarti.com\/index.php\/hakkimizda\/#primaryimage"},"thumbnailUrl":"https:\/\/malatyaarti.com\/wp-content\/uploads\/2025\/03\/malatya-arti-bilgisayar-fortigate-firewall-guvelik-kamerasi-sunucu-server.webp","datePublished":"2023-12-20T09:17:59+00:00","dateModified":"2025-03-27T06:24:01+00:00","description":"Malatya Art\u0131 Bilgisayar, Malatya\u2019da FortiGate firewall, g\u00fcvenlik kameras\u0131, sunucu ve a\u011f \u00e7\u00f6z\u00fcmleriyle i\u015fletmelere kesintisiz g\u00fcvenlik ve performans sunar. Profesyonel IT deste\u011fi i\u00e7in bizimle ileti\u015fime ge\u00e7in!","breadcrumb":{"@id":"https:\/\/malatyaarti.com\/index.php\/hakkimizda\/#breadcrumb"},"inLanguage":"tr","potentialAction":[{"@type":"ReadAction","target":["https:\/\/malatyaarti.com\/index.php\/hakkimizda\/"]}]},{"@type":"ImageObject","inLanguage":"tr","@id":"https:\/\/malatyaarti.com\/index.php\/hakkimizda\/#primaryimage","url":"https:\/\/malatyaarti.com\/wp-content\/uploads\/2025\/03\/malatya-arti-bilgisayar-fortigate-firewall-guvelik-kamerasi-sunucu-server.webp","contentUrl":"https:\/\/malatyaarti.com\/wp-content\/uploads\/2025\/03\/malatya-arti-bilgisayar-fortigate-firewall-guvelik-kamerasi-sunucu-server.webp","width":700,"height":700},{"@type":"BreadcrumbList","@id":"https:\/\/malatyaarti.com\/index.php\/hakkimizda\/#breadcrumb","itemListElement":[{"@type":"ListItem","position":1,"name":"Anasayfa","item":"https:\/\/malatyaarti.com\/"},{"@type":"ListItem","position":2,"name":"Hakk\u0131m\u0131zda"}]},{"@type":"WebSite","@id":"https:\/\/malatyaarti.com\/#website","url":"https:\/\/malatyaarti.com\/","name":"Malatya Art\u0131 Bilgisayar \u2013 FortiGate, G\u00fcvenlik Kameras\u0131 ve A\u011f \u00c7\u00f6z\u00fcmleri","description":"Malatya&rsquo;da FortiGate Firewall, G&uuml;venlik Kameras\u0131 ve A\u011f &Ccedil;&ouml;z&uuml;mlerinde Profesyonel Hizmet!","publisher":{"@id":"https:\/\/malatyaarti.com\/#organization"},"potentialAction":[{"@type":"SearchAction","target":{"@type":"EntryPoint","urlTemplate":"https:\/\/malatyaarti.com\/?s={search_term_string}"},"query-input":{"@type":"PropertyValueSpecification","valueRequired":true,"valueName":"search_term_string"}}],"inLanguage":"tr"},{"@type":"Organization","@id":"https:\/\/malatyaarti.com\/#organization","name":"Malatya Art\u0131 Bilgisayar \u2013 FortiGate, G\u00fcvenlik Kameras\u0131 ve A\u011f \u00c7\u00f6z\u00fcmleri","url":"https:\/\/malatyaarti.com\/","logo":{"@type":"ImageObject","inLanguage":"tr","@id":"https:\/\/malatyaarti.com\/#\/schema\/logo\/image\/","url":"https:\/\/malatyaarti.com\/wp-content\/uploads\/2025\/03\/malatya-arti-bilgisayar-fortigate-firewall-guvelik-kamerasi-sunucu-server.webp","contentUrl":"https:\/\/malatyaarti.com\/wp-content\/uploads\/2025\/03\/malatya-arti-bilgisayar-fortigate-firewall-guvelik-kamerasi-sunucu-server.webp","width":700,"height":700,"caption":"Malatya Art\u0131 Bilgisayar \u2013 FortiGate, G\u00fcvenlik Kameras\u0131 ve A\u011f \u00c7\u00f6z\u00fcmleri"},"image":{"@id":"https:\/\/malatyaarti.com\/#\/schema\/logo\/image\/"},"sameAs":["https:\/\/www.facebook.com\/malatyaarti"]}]}},"_links":{"self":[{"href":"https:\/\/malatyaarti.com\/index.php\/wp-json\/wp\/v2\/pages\/15644","targetHints":{"allow":["GET"]}}],"collection":[{"href":"https:\/\/malatyaarti.com\/index.php\/wp-json\/wp\/v2\/pages"}],"about":[{"href":"https:\/\/malatyaarti.com\/index.php\/wp-json\/wp\/v2\/types\/page"}],"author":[{"embeddable":true,"href":"https:\/\/malatyaarti.com\/index.php\/wp-json\/wp\/v2\/users\/1"}],"replies":[{"embeddable":true,"href":"https:\/\/malatyaarti.com\/index.php\/wp-json\/wp\/v2\/comments?post=15644"}],"version-history":[{"count":4,"href":"https:\/\/malatyaarti.com\/index.php\/wp-json\/wp\/v2\/pages\/15644\/revisions"}],"predecessor-version":[{"id":16364,"href":"https:\/\/malatyaarti.com\/index.php\/wp-json\/wp\/v2\/pages\/15644\/revisions\/16364"}],"wp:featuredmedia":[{"embeddable":true,"href":"https:\/\/malatyaarti.com\/index.php\/wp-json\/wp\/v2\/media\/16362"}],"wp:attachment":[{"href":"https:\/\/malatyaarti.com\/index.php\/wp-json\/wp\/v2\/media?parent=15644"}],"curies":[{"name":"wp","href":"https:\/\/api.w.org\/{rel}","templated":true}]}}